be 3/(-4) - 23/l. Suppose 773 = b*k + 188. What is the greatest common factor of k and 13?
13
Let s be 3 + 0 + 13 + -11. Suppose 3*a + 2*a - 44 = 4*y, -a + s*y = 8. Suppose c = a + 1. Calculate the greatest common divisor of 13 and c.
13
Let s(t) = t + 42. Let x be s(-21). What is the greatest common factor of x and 21?
21
Let q = 11 - 14. Let c(r) = 9*r**2 + 5*r - 3. Let u be c(q). Calculate the highest common divisor of u and 42.
21
Suppose -h + 416 = 4*u, 2*u + 34*h = 38*h + 208. Calculate the highest common divisor of 156 and u.
52
Let d be (-108)/252 - 9075/(-7). Calculate the highest common divisor of d and 36.
36
Let q = -77 + 44. Let w = q + 65. What is the greatest common divisor of w and 4?
4
Let y be (2 - -37) + -6*(-8)/48. What is the greatest common divisor of y and 24?
8
Let k = -2 + 7. Suppose 2*l - 2*w - 14 = w, 2*l + k*w = 30. Let b be (-4)/(-26) - (-4 - (-6880)/(-65)). Calculate the highest common divisor of l and b.
10
Suppose -15*x + 25 = -10*x. Suppose 4*m + x*a = 15, 2*m + 2*a - 1 = 9. Calculate the highest common divisor of m and 10.
10
Let j(y) = 3*y**2 + 5*y. Let b be j(-5). Let q(u) = 13*u + 8. Let r be q(3). Let w = r - 27. Calculate the highest common factor of w and b.
10
Let v(k) = -3*k - 19. Let a(h) = 6*h + 38. Let l(z) = 6*a(z) + 11*v(z). Let x be l(-4). Calculate the highest common divisor of 56 and x.
7
Suppose -2*r = j - 30 - 21, 4*j + 39 = r. What is the greatest common factor of 9 and r?
9
Let n = -53 - -67. Calculate the greatest common divisor of 10 and n.
2
Let o be -4 + (21 + -4 - 4). Suppose 2*s - 5*s + o = -3*x, -x = -2*s + 5. Suppose 0 = s*c - 4*c + 8. Calculate the highest common factor of 20 and c.
4
Let w(n) = -2*n**2 - 25*n - 15. Let l be w(-5). What is the highest common divisor of 30 and l?
30
Let s(n) = 13*n**3 - 2*n**2 - n + 1. Let f be s(2). Let a(z) = 4*z**2 + z + 1. Let o be a(2). What is the highest common factor of o and f?
19
Let n = -427 - -447. Let s = -6 - -11. What is the greatest common divisor of s and n?
5
Let u(f) = -2*f**2 + 2*f - 1. Let k be u(2). Let z = k - -7. Let s be 140/8 - 64/(-128). What is the greatest common factor of s and z?
2
Suppose -11259 = -195*f + 5901. Suppose -w = -3*m + 24, -m + 3*w + 7 + 1 = 0. What is the greatest common divisor of f and m?
8
Let r be (-1 - -2)*(-2 - -8). Suppose -13 = 4*d + 5*a, 4*d + a - 6*a = 37. Let x be (d - 55)*(-3)/r. What is the highest common divisor of 182 and x?
26
Suppose 2*x - 47*l - 1222 = -43*l, 2*l = -4*x + 2434. What is the greatest common divisor of 174 and x?
87
Suppose 2*z + 98 = 4*j, -19*z + 15*z = j - 38. Let s = 1 - 1. Let m(o) = o + 39. Let b be m(s). Calculate the greatest common divisor of b and j.
13
Let w be (-4)/(-1)*(-93)/(-4). Suppose 453*n = 396*n + 1767. Calculate the greatest common factor of n and w.
31
Let y be (-833)/(-77) - (-2)/11. Let n = 21 - y. What is the highest common factor of 10 and n?
10
Let l(k) = -1194*k + 0*k**3 + 9*k**2 - k**3 - 9 + 1184*k. Let f be l(6). Calculate the greatest common factor of 273 and f.
39
Let d(n) = 5*n + n + 2*n**2 + 4 - n**2. Let g be d(-10). Suppose -g = -4*a - 2*p, -8 = 4*p + 8. What is the highest common factor of a and 78?
13
Suppose -286 = -r - 2*y, 2*r + 25*y = 26*y + 592. Calculate the highest common factor of 63 and r.
21
Let v = 53 - 50. Suppose -l + 0*l - 3*c + 34 = 0, -90 = -3*l - v*c. Calculate the highest common factor of l and 84.
28
Let d = 1108 - 1099. What is the greatest common divisor of d and 1?
1
Let a = 23 - -40. Suppose -3*u - 21 = -3*d, 4*u - d + 31 = 4*d. Let o be (-1 + u)*(-9)/5. What is the highest common factor of a and o?
9
Let a be 30/(-20)*8/(-6). Let y(o) be the first derivative of o**4/4 + 2*o + 1. Let t be y(a). What is the greatest common divisor of 110 and t?
10
Suppose 5*j - 235 = -4*a - 20, 0 = 4*j - a - 151. Let n be (-396)/(-15) + 3 + (-51)/15. What is the highest common factor of j and n?
13
Suppose q = 15*q - 1008. Let x be (5 + -1)*(-9)/(-4). What is the greatest common factor of q and x?
9
Let f(t) be the third derivative of t**6/120 + 4*t**5/15 + 3*t**4/4 - 7*t**3/3 - 11*t**2. Let a be f(-13). Calculate the highest common factor of a and 37.
37
Let l(n) = -20*n - 18 - 30 + 28. Let p be l(-4). What is the highest common divisor of 20 and p?
20
Suppose -n - p - 43 + 16 = 0, 5*n + 134 = -4*p. Let s be n - 1/(-4)*0. Let q = -12 - s. Calculate the highest common factor of 154 and q.
14
Let v(i) = -i**3 - 7*i**2 - 9*i - 7. Let k be v(-6). Let s(u) = -u**3 + 32*u**2 + 183*u + 75. Let b be s(37). Calculate the highest common divisor of b and k.
1
Let m(b) = -2*b + 9. Let s be m(-8). Let c be 7/(-28) - (-51)/12 - 2. Suppose 3*w = s + c. What is the greatest common divisor of w and 81?
9
Let f = 0 + 21. What is the highest common divisor of f and 168?
21
Let n = 214 - 161. Calculate the greatest common factor of 212 and n.
53
Suppose 5*p - 56 = -11. Suppose 0 = 4*n - p - 7. Suppose -6 = -j - 0*j - y, 52 = 4*j - 3*y. What is the highest common factor of j and n?
2
Let t(d) = d**3 - 9*d**2 - d + 6. Let z be t(9). Let b(y) = -8*y**3 - y**2 + 2*y - 3. Let p be b(z). What is the greatest common factor of p and 22?
22
Let n = -13 + 18. Let k be 14/n - 2/(-10). Let x(f) = -4*f + 151. Let h be x(34). What is the greatest common factor of k and h?
3
Suppose 3*p + 2*p = -2*h + 458, p + h - 94 = 0. Calculate the greatest common divisor of 234 and p.
18
Let d = -77 - -95. Calculate the greatest common divisor of d and 21.
3
Let i(c) = c**3 + 31*c**2 - 36*c - 116. Let v be i(-32). What is the highest common factor of v and 636?
12
Let g = -2 + 5. Suppose -1177 = -2*w + 123. Suppose -2*k = g*k - w. What is the greatest common divisor of 26 and k?
26
Let t(s) = -s**2 - 6*s - 1. Let f be t(-5). Suppose -7*w + f = -6*w. Suppose 80 = j + w*j. Calculate the highest common factor of j and 24.
8
Let t(q) = -15*q**3 - 4*q**2 - 2*q. Let d(v) = 3*v**2 - 15*v + 10. Let x be d(4). Let w be t(x). Calculate the highest common divisor of 27 and w.
27
Suppose 0 = -4*z - 3*l + 67, -34 = -5*z - l + 47. Suppose -89 + 548 = 3*b. Let s = b - 73. Calculate the highest common divisor of s and z.
16
Suppose -60 = -655*p + 653*p. What is the greatest common divisor of p and 25?
5
Let l = -282 + 648. Suppose 0 = -b - 2*b + l. Suppose -5*o = 2*v - b, -3*v - 10 - 2 = 0. What is the greatest common factor of 182 and o?
26
Let f = -1825 + 1843. Let c = 6 - 11. Let a be 7 + c - (1 - 17). Calculate the highest common factor of f and a.
18
Suppose 0 = 6*r - 315 - 273. Let y be 16 - ((3 - 0) + -1). What is the highest common factor of r and y?
14
Suppose -402*f = -399*f - 336. Let x be 31*(-1 - (1 - 1)). Let p = -17 - x. Calculate the highest common factor of p and f.
14
Suppose 6*p - 2*p + 51 = -5*u, -5*p + 1 = -3*u. Let f be u + 5 - 27*-2. Calculate the greatest common factor of 26 and f.
26
Let k = -126 + 174. Calculate the highest common divisor of 240 and k.
48
Let l be 45/9*(-3)/5. Let v be 1 + (-4 - l)*-2. Suppose -v*x - 28 = -100. What is the greatest common factor of x and 4?
4
Let k(g) = -122*g**3 - 2*g**2 + 1. Let o be k(-1). Suppose x - 3*z - 16 = 10, -14 = x + 5*z. What is the greatest common factor of x and o?
11
Suppose -5*o + 23 = 3. Suppose 0 = 5*l - 2*f - 48, 4*l - 6*l + 8 = 2*f. What is the highest common factor of l and o?
4
Let v = -10 - -4. Let l be (-16)/v*(-180)/(-16). Suppose 2*i = -2*c + l, c - 37 = -2*c + 5*i. Calculate the highest common factor of c and 35.
7
Let s(i) = 4*i + 1. Suppose 2*w + 3*w = 55. Let u be s(w). Calculate the greatest common factor of u and 405.
45
Suppose 4*c = 2*n - 3*n + 10, -c = -n + 5. Suppose 15 = 5*f - 15. Let w be (1 + f/(-4))*-4. What is the highest common factor of n and w?
2
Let x(f) = -f**3 + 12*f**2 - 14*f - 12. Let y be x(11). Let l = 65 + y. What is the highest common factor of l and 60?
20
Let p(w) = -7*w + 4. Let f be p(2). Let i be (-3)/6 - 845/f. What is the highest common divisor of 21 and i?
21
Let s = 39 + -34. Let m be (61 + -1)/2*2/s. Calculate the highest common divisor of 84 and m.
12
Let p(t) = 10*t**2 - 13*t + 27. Let g be p(4). Let z be 6/((-12)/(-14)) - -2. Calculate the greatest common factor of z and g.
9
Suppose 13*i = 15*i - 6. Suppose i*v - 43 = -10. Calculate the greatest common factor of